2. Calculate the greatest common divisor of 63 and n.
7
Suppose 25*s - 1408 = 1967. What is the greatest common divisor of s and 63?
9
Let z(d) = 2*d**3 + 39*d**2 + 7*d - 72. Let t be z(-19). What is the greatest common factor of 708 and t?
12
Let j = -44 + 43. Let z be 6/(-14) + (-315)/49*j. Let x(p) = p**2 - 2*p - 4. Let c be x(-2). Calculate the greatest common factor of c and z.
2
Let k = 10701 + -10527. Calculate the highest common factor of 40 and k.
2
Let t be -228*((-42)/(-12) - 4) - 1. Suppose 75 = 118*u - t*u. Calculate the greatest common divisor of 120 and u.
15
Suppose -4*v + 115 + 5 = 0. Suppose -58*p - 59*p + 885 = -58*p. Calculate the greatest common factor of v and p.
15
Let o(v) = v**3 - 5*v**2 - 37*v + 192. Let x be o(5). Calculate the highest common divisor of x and 4.
1
Suppose -66 = a - 2*a. Let q(w) = 7*w + 12. Let y be q(0). Suppose 4*k + 2*d = 36, -3*d + 9 = 3*k - y. Calculate the greatest common divisor of k and a.
11
Let y(u) be the second derivative of u**4/6 + 10*u**3/3 + 13*u**2 - 119*u. Let b be y(-9). Calculate the highest common factor of b and 2.
2
Suppose -10 = -49*a + 44*a. Suppose -a*b + 0 = -2. Let u be (-2 - (2 - 0))/(-2 - 0). What is the highest common divisor of u and b?
1
Let j = 133 - 87. Let b = 50 - j. Let c be (b + 2 + 0)*21. What is the highest common divisor of c and 14?
14
Let h be (6 + 4/1)*(-1 - -2). Suppose -2*r = -g + 126 - 40, -2*r = -5*g + 430. Let o = 136 - g. Calculate the highest common factor of h and o.
10
Suppose 7*i = -119 + 119. Suppose 16*q + 7*q - 920 = i. Let r(l) = 2*l**2 + 3*l - 1. Let s be r(-3). What is the highest common factor of s and q?
8
Let a(b) be the third derivative of -b**5/60 + 11*b**4/12 - 9*b**3/2 + 6*b**2 + 6. Let s be a(9). Calculate the greatest common factor of 120 and s.
30
Suppose -25 = -5*y + 80. Let i be -13*(-7)/(-1 + 8). Suppose -806 = -13*u + i. What is the highest common factor of y and u?
21
Suppose 10*s = s - 3312. Let f be (2/(-4))/(8/s). Suppose -3*x + f = -58. What is the greatest common factor of x and 9?
9
Let t = 102 - 96. Suppose 5*a - 20 = 0, 2*h + t*a - 2*a - 106 = 0. What is the highest common factor of h and 45?
45
Let k be (18/72)/(-1 - -2) - 137772/(-16). What is the highest common factor of k and 237?
79
Let y be ((-120)/75)/((-4)/15). Suppose -21 + 1071 = y*h. What is the greatest common factor of h and 50?
25
Let s = 3789 - 3229. Calculate the highest common factor of 770 and s.
70
Suppose 315*q = 301*q + 54194. Calculate the highest common factor of 79 and q.
79
Let v(i) = -i**2 + 7*i - 1. Let p be v(5). Let d = -340 + 234. Let y = 178 + d. Calculate the greatest common factor of y and p.
9
Suppose -634*k = -637*k - 5*i + 167, -k + 57 = 3*i. What is the highest common divisor of 39 and k?
3
Suppose 4 - 10 = -5*m - 4*c, c = m - 3. Suppose -m*i + 281 = 5*o - 2*o, 2*o = -3*i + 414. What is the greatest common factor of i and 24?
8
Let s be (-2 - 560/50)/(6/340). Let o be s*((-11)/2 + 5). What is the highest common factor of o and 22?
22
Let k = -73 - -107. Let o(u) = -u**3 - 18*u**2 - 24*u - 34. Let l be o(-17). What is the highest common factor of l and k?
17
Let c(k) = 2*k**3 + 52*k**2 + 181. Let m be c(-26). What is the greatest common factor of m and 11584?
181
Suppose 0 = 3*n + 3*t + 10 + 11, 0 = -2*n + 5*t - 7. Let l be (-246)/(-24) + n/(-8). Let g = 9 + l. What is the highest common factor of g and 10?
10
Let k(q) = q**2 - 4*q + 3. Let x be k(6). Suppose 4*s = 5*p + 34, s - 42 + 16 = 3*p. Let z = x + p. What is the greatest common factor of 20 and z?
5
Let o = -315 + 367. Suppose 48 = 64*p - o*p. Calculate the highest common factor of p and 4.
4
Suppose -174 - 1794 = -6*w. Suppose 220 = 26*j + 12. Calculate the highest common divisor of j and w.
8
Let a = -46 - -47. Suppose a = -2*o - 3, 5*s = -o + 3. Calculate the greatest common divisor of 15 and s.
1
Let i be 8*7/(-28)*(-577)/2. Suppose -x = 5*b - 1483, 0*b - i = -2*b + 5*x. What is the highest common divisor of 37 and b?
37
Let i(l) = l**2 - 2*l + 3. Let a be i(1). Suppose 3*b - 87 = a*b. Let n = -75 + b. What is the highest common factor of n and 48?
12
Let d = 139 + -598. Let v be ((-3)/9)/(9/d). What is the greatest common factor of 187 and v?
17
Suppose 2*l + 2*n - 106 = 0, 4*l - 117 - 100 = -5*n. What is the greatest common divisor of l and 3792?
48
Let h(y) = -12*y**3 + 8*y**2 - 6*y + 77. Let k be h(-6). What is the highest common factor of k and 82?
41
Let s(o) = -45*o + 2444. Let t be s(13). Calculate the greatest common factor of 169 and t.
169
Let z(g) be the first derivative of g**4/2 - 2*g**2 + 7*g + 1. Let b be z(2). What is the greatest common factor of 3 and b?
3
Let p = 39 + -38. Let a be -74*(-1)/(-2)*p. Let n = a + 38. What is the highest common divisor of n and 11?
1
Suppose n = -0*n - 3*d + 54, d - 122 = -3*n. Let j = n - 25. Calculate the greatest common divisor of 112 and j.
14
Let x be ((0 - 2)/1)/(-1*(-19)/(-3268)). Calculate the greatest common factor of 559 and x.
43
Suppose 5*s = 4*w - 7, 9461*w - 9465*w = 3*s - 47. Suppose -f - 74 = 5. Let t be f/(-2) - 2/(-4). What is the highest common factor of s and t?
5
Suppose 17*g + 16 = 101. Suppose -g = -f + 4*a, 7*f - 2*f + 2*a - 47 = 0. What is the greatest common factor of f and 63?
9
Suppose -20 = 2*x + 4*n, 2*n = 6*x - 4*x - 10. Suppose 0*d + 8*d - 640 = x. What is the greatest common factor of 60 and d?
20
Let g be ((-2416)/40)/((-1)/(-5)). Let a = g + 455. What is the greatest common divisor of 18 and a?
9
Let c(b) = 155*b - 2117. Let f be c(15). Calculate the greatest common divisor of f and 6136.
104
Let o(y) = 240*y**3 - 12*y**2 + 46*y - 54. Let p be o(3). Calculate the greatest common divisor of p and 240.
24
Let w(y) = y**3 - 35*y**2 + 95*y + 32. Let s be w(32). Suppose 0 = -3*g + 12, -5*j + s*j + 132 = -2*g. What is the highest common divisor of j and 42?
14
Let u be (-297)/21 + (-2)/(-14). Let g(w) = 2*w + 33. Let f be g(u). Suppose f*x - 27 = 2*x. Calculate the greatest common factor of x and 3.
3
Let i(z) = -1 + z**3 + 5*z**2 + 3*z - 4*z + 0*z**3. Let o be i(-3). Let p be 305/o - (-4)/(-16). What is the highest common divisor of p and 5?
5
Suppose -322*o - 321*o + 567*o + 22344 = 0. What is the greatest common factor of 7308 and o?
42
Suppose 29*j + 2*a + 68 = 34*j, 0 = j + a - 8. Let y(c) = 22*c**2 - 5*c + 4. Let f be y(4). Calculate the highest common divisor of f and j.
12
Let n = -88 + 193. Suppose 2*u - 106 = -4*z, 0*u = -5*z + 5*u + 185. Calculate the highest common divisor of z and n.
15
Let w be 3970*12/200 - 1/5. What is the highest common factor of 140 and w?
14
Suppose -31 = -3*r - 4*m, 2*r = 5*m - 3 + 39. Suppose 4*p = -r - 59. Let a be 48/(-18)*p/8. Calculate the greatest common factor of a and 18.
6
Let h = -1355 + 267. Let y be h/(-12)*3/2. What is the greatest common factor of 8 and y?
8
Let i = 26817 + -25793. What is the highest common divisor of 1152 and i?
128
Let v be ((-2)/(4/(-10)) + -3)/((-52)/(-1872)). Calculate the highest common divisor of 11412 and v.
36
Let m = -2214 + 4696. What is the greatest common factor of m and 34?
34
Let q = -29 - -21. Let p be 18/(-24) - 326/q. Suppose -83 = 10*g - 133. What is the highest common factor of p and g?
5
Let w be -2*(735/(-6) + 0). Let q = -297 - -618. Suppose -q*g + 317*g + 140 = 0. What is the greatest common divisor of w and g?
35
Let i = 25239 - 25031. Calculate the greatest common factor of 4394 and i.
26
Let s be (16/(-20)*-5)/2. Let l(y) = -14 + 7 - y + s*y. Let m be l(10). Calculate the highest common divisor of 6 and m.
3
Let q be (25 + -28)*(-208)/3. Suppose -q = -4*h - 148. What is the greatest common divisor of h and 6?
3
Suppose 0*p - 17 = 4*p + 5*g, 0 = -2*p - 5*g - 11. Let j be (p + 5)*1 + 310. What is the greatest common factor of 78 and j?
78
Let w(z) = -35*z**3 + z**2. Let k be 7/(-5) - 6/(-15). Let u be w(k). Let g = 7471 - 7462. What is the greatest common divisor of g and u?
9
Let n = 229 + 18. Suppose -130*q - 543 = -769 - 1464. Calculate the greatest common factor of q and n.
13
Suppose 3*q = 8*q - 240. Let j = 186 + -62. Suppose -23*b = -j - 152. What is the greatest common divisor of b and q?
12
Let b be (-3)/10 + (-147026)/(-220) + 7. What is the highest common factor of 100 and b?
25
Let d(